t is c1b - 5da8?
-518b
In base 6, what is 235522525412 + -1?
235522525411
In base 12, what is -3 - 35a78304?
-35a78307
In base 5, what is 14221 - -413423?
433144
In base 14, what is -6b307 - 26?
-6b32d
In base 11, what is 1121170 + 2?
1121172
In base 3, what is -22001112020 - 0?
-22001112020
In base 11, what is 294 + 11272?
11556
In base 16, what is -157 + 3381?
322a
In base 3, what is -100121100021 + -10121?
-100121110212
In base 12, what is -7317 - -233?
-70a4
In base 11, what is -116 - -3622656?
3622540
In base 14, what is 11a8a + -27b?
1180d
In base 5, what is 4434 + 134410131?
134420120
In base 4, what is -100 + 12021332101?
12021332001
In base 9, what is 63258 + 147?
63416
In base 3, what is 11100212111 - -1111?
11100220222
In base 8, what is 202625162 + -2?
202625160
In base 15, what is 5 + -298a498?
-298a493
In base 2, what is 1011111111000011100 - -100000?
1011111111000111100
In base 7, what is -640145011 + 3?
-640145005
In base 4, what is -13 + 1231013013112?
1231013013033
In base 9, what is -7312 - -1168?
-6133
In base 7, what is -11 + 3421640331?
3421640320
In base 10, what is -8 - -285075?
285067
In base 11, what is 515 - -a8104?
a8619
In base 16, what is -4c066 + -44?
-4c0aa
In base 10, what is 2 - 2922369?
-2922367
In base 4, what is -2 + 13123032233?
13123032231
In base 9, what is 2412453204 - 5?
2412453188
In base 8, what is 75 + -2516132?
-2516035
In base 3, what is -12000012022001 - -2?
-12000012021222
In base 14, what is 287 + c8bbb?
c9064
In base 3, what is -10221202200 + 110010120?
-10111122010
In base 8, what is 5541114 + 14?
5541130
In base 8, what is 37351 - 231?
37120
In base 16, what is -2a392c + f?
-2a391d
In base 3, what is 12 + -12111201?
-12111112
In base 11, what is 43635 - 260?
43385
In base 7, what is -54 + 215035245?
215035161
In base 13, what is -7b5a3 + -1086?
-7c659
In base 13, what is -142c - ac89?
-c3b8
In base 14, what is 4 + 26091da?
2609200
In base 8, what is -1271325 + 34?
-1271271
In base 10, what is -6302462 + 98?
-6302364
In base 14, what is -26c - 27c9b?
-28129
In base 16, what is 4 - -1aafdfe?
1aafe02
In base 8, what is 1131411 + -7?
1131402
In base 15, what is -4 + -30d229?
-30d22d
In base 15, what is -3 + 22992?
2298e
In base 5, what is -33420 - -2304?
-31111
In base 4, what is -2110213 + 3022031?
311212
In base 6, what is 1051032414 - 12?
1051032402
In base 14, what is -1b65b8 + 2b8?
-1b6300
In base 16, what is -39c64 - -14b?
-39b19
In base 12, what is 2a4 - -714751?
714a35
In base 16, what is -d - 1654521?
-165452e
In base 9, what is 10112122 - -10?
10112132
In base 12, what is -69 + -264188?
-264235
In base 13, what is -4 - -300bc9?
300bc5
In base 3, what is 111020000001201 - -12?
111020000001220
In base 14, what is -2 - -18568d3c?
18568d3a
In base 13, what is -90 + -1a883a?
-1a88ca
In base 15, what is -131 - 58eec6?
-590107
In base 8, what is -33 - 12532024?
-12532057
In base 12, what is 5 + 11843884?
11843889
In base 9, what is -715681553 - -5?
-715681547
In base 4, what is 2 + -1110003130302?
-1110003130300
In base 13, what is 1 - 23375b?
-23375a
In base 2, what is -1100110 - -100111100000110000010?
100111100000100011100
In base 12, what is 499a526 + 21?
499a547
In base 10, what is -528412673 - 1?
-528412674
In base 7, what is -103224422 + 12?
-103224410
In base 12, what is -69 + -248747?
-2487b4
In base 12, what is -86569a - -2?
-865698
In base 5, what is -241001321243 - -4?
-241001321234
In base 11, what is 2a407 + 28662?
57a69
In base 8, what is 72011 - 412?
71377
In base 5, what is -12302331234 + 0?
-12302331234
In base 2, what is 1100000011010100010110010010 + 0?
1100000011010100010110010010
In base 15, what is -5539b - 15?
-553b1
In base 15, what is -96015 + -b3?
-960c8
In base 2, what is 110101111100100101100010010 + -1?
110101111100100101100010001
In base 15, what is 5 - 1666696?
-1666691
In base 10, what is 496 - -856186?
856682
In base 5, what is 1234 + 242003203?
242004442
In base 13, what is 1c + 69b612?
69b631
In base 8, what is -1 + -2246030?
-2246031
In base 11, what is -115097 - -748?
-11444a
In base 16, what is 59 - -14451?
144aa
In base 15, what is -1 + 655b26c?
655b26b
In base 9, what is -6665306 + -14?
-6665321
In base 13, what is 50c0c - -55a?
51469
In base 6, what is 3031014400 + 1?
3031014401
In base 3, what is 2102101221112 + -2201?
2102101211211
In base 5, what is -104342 - -11024101?
10414204
In base 13, what is -44547b - 3?
-445481
In base 7, what is 344541302 + 1?
344541303
In base 15, what is -124eb2 + 37?
-124e7a
In base 2, what is -100100000001101000111101100 + 110?
-100100000001101000111100110
In base 13, what is 594221 + -7b?
594173
In base 13, what is -1151a + 78?
-11472
In base 13, what is 3451 - -2162?
55b3
In base 11, what is 47 + 4a6a510?
4a6a557
In base 9, what is 6642 + 2408?
10151
In base 5, what is 1110 - -203242?
204402
In base 7, what is 2 + -246064554?
-246064552
In base 9, what is -1435 - 80?
-1525
In base 5, what is 22 + -42301321?
-42301244
In base 8, what is -120515 + 22063?
-76432
In base 2, what is 110101110111100101110100 + -100?
110101110111100101110000
In base 15, what is -a735 - -1de?
-a546
In base 5, what is -13423024004 - -33?
-13423023421
In base 8, what is -14 + -6652532?
-6652546
In base 16, what is -a - -11d72e?
11d724
In base 5, what is 2 + -140442332323?
-140442332321
In base 4, what is -212322112302 + -10?
-212322112312
In base 2, what is -11000 + 111101000010011101?
111101000010000101
In base 4, what is -123003012312 - 1?
-123003012313
In base 4, what is 233000220002 - -1?
233000220003
In base 12, what is 51 + -737522?
-737491
In base 7, what is -1231156330 - -5?
-1231156322
In base 5, what is -1 - 111102413201?
-111102413202
In base 13, what is -1183 + 9372b?
92578
In base 10, what is 136 + -1338383?
-1338247
In base 15, what is -2a25102 - 1?
-2a25103
In base 5, what is -10 + -1022434321344?
-1022434321404
In base 5, what is -300301440 + 222?
-300301213
In base 15, what is -4 - -600d6?
600d2
In base 3, what is -20010011120102 - 1122?
-20010011122001
In base 16, what is -7346c0b8 - -5?
-7346c0b3
In base 11, what is -88 - -421a0a?
421932
In base 12, what is -27 - -64434?
64409
In base 12, what is 178a012 - 13?
1789bbb
In base 16, what is -c623 + -94d?
-cf70
In base 13, what is 133b + -676?
995
In base 13, what is 7 + 1bc5396?
1bc53a0
In base 13, what is 4 - -16b4abb?
16b4ac2
In base 15, what is 9 - 10b5973?
-10b5969
In base 12, what is -113 + -342315?
-342428
In base 16, what is -91a587 + -22?
-91a5a9
In base 6, what is -12 + 331045512?
331045500
In base 12, what is bb203 - -1779?
100980
In base 12, what is 749 + a281?
aa0a
In base 16, what is -13e7 + -136?
-151d
In base 2, what is 100011010100100000010110110 - 0?
100011010100100000010110110
In base 5, what is 21014234032 + -134?
21014233343
In base 12, what is -6a7 + -7190?
-7877
In base 4, what is 3 - 1000313230313?
-1000313230310
In base 6, what is 12 - -520042153?
520042205
In base 4, what is -102310003 - 1101322?
-110011331
In base 10, what is -1597421 + -6?
-1597427
In base 7, what is 411352 + 234?
411616
In base 11, what is -1380558 - -4?
-1380554
In base 4, what is -2020232 + -1031?
-2021323
In base 15, what is 9e564 - ad?
9e4a6
In base 15, what is -ce3891e - 1?
-ce38920
In base 3, what is -10211201 + -1020121?
-12002022
In base 16, what is 1 + -701952?
-701951
In base 15, what is -21e8a - -4?
-21e86
In base 7, what is 64220 - 25563?
35324
In base 6, what is 2133 - 403515?
-401342
In base 2, what is 100000101 - -10010001100100000?
10010010000100101
In base 15, what is -76 - 97c956?
-97c9cc
In base 15, what is 6 - -2b1b4c?
2b1b53
In base 15, what is 38c5 + -7e76?
-45a1
In base 14, what is -1d - -7754?
7735
In base 2, what is 101100000 + 1111111111100000?
10000000101000000
In base 3, what is 121 + -100012221011202?
-100012221011011
In base 5, what is 20 + 244242043200?
244242043220
In base 5, what is 122400332434 + -3?
122400332431
In base 2, what is -101100101111000100000 - 1100?
-101100101111000101100
In base 8, what is 206364 - -3356?
211742
In base 4, what is -113122103 - 11022?
-113133131
In base 16, what is -5 - -a7d0d51?
a7d0d4c
In base 8, what is -1346576072 - 4?
-1346576076
In base 16, what is 4 - -dd31a3?
dd31a7
In base 16, what is 1965 - 447c?
-2b17
In 